200 = -t + 2*z, -4*z + 1056 = -0*t + 5*t. Suppose -5*w - t = -13*w. What is the greatest common divisor of w and a?
13
Let h = 5317 + -4162. What is the highest common divisor of h and 110?
55
Let o(c) be the third derivative of 73*c**4/24 + 5*c**3/3 + 13*c**2. Let d be o(-6). Let h = d + 659. Calculate the greatest common factor of h and 21.
21
Suppose -21*p + 24*p - 84 = 0. Let c be 18/3 - (-7)/(p/8). Calculate the highest common factor of 28 and c.
4
Let b = 10 + 11. Suppose -3*j = 234*a - 239*a + 178, a - 40 = 5*j. Calculate the greatest common divisor of b and a.
7
Let j = 3296 + -1391. What is the highest common divisor of j and 60?
15
Suppose -2*n - 2266 = 5*a, -456 = a - 5*n + 4*n. Let b be (-21)/(-126) + (1 - a/12). Suppose -7*l + 6*l = -b. What is the greatest common factor of 3 and l?
3
Let m(r) = 2*r**2 + 37*r - 655. Let u be m(-30). Calculate the greatest common factor of 195 and u.
5
Let p = -2499 + 3536. Calculate the greatest common divisor of p and 1.
1
Suppose 138 = 5*c + 138. Suppose 7*r - 1926 - 1154 = c. What is the highest common factor of 40 and r?
40
Let q be 107/((-101115)/(-126)) - (416/(-30) - 1). What is the highest common divisor of q and 1536?
3
Let k = 19116 + -17208. Calculate the highest common divisor of k and 252.
36
Let k be (328/(-902) + 82/44)/((-3)/(-110)). What is the greatest common divisor of 5247 and k?
11
Let q be (-18)/(-42) - 18/(-7). Suppose -69*w + 66 = 4*k - 74*w, 2*k = q*w + 32. Suppose 3*t - 61 + 4 = 0. What is the greatest common factor of t and k?
19
Suppose -4698 + 12798 = 90*c. Calculate the greatest common divisor of 126 and c.
18
Suppose 316 = 3*n + y, 88 = n - 14*y + 10*y. Let k = 5 + 3. Calculate the highest common factor of n and k.
8
Let p(k) = 4*k**2 - 12*k - 61. Let b be p(-6). Suppose 0 = b*v - 158*v + 144. What is the greatest common divisor of 6 and v?
6
Suppose -136 = -20*c + 24*c. Let i = 36 + c. Suppose 5*f + 2*l - 115 = 0, -i*l + 5*l - 35 = -2*f. Calculate the greatest common factor of f and 10.
5
Let t be ((-4104)/(-32))/((-15)/(-260)). What is the highest common factor of 9 and t?
9
Let c be -1*2/8 - (-57)/4. Suppose 4*z = -r + 3 + c, -4*r = 3*z - 16. What is the highest common factor of z and 28?
4
Suppose -33*d = -39*d + 66, 2*h = 5*d - 29. Suppose 2*w + 271 = -5*r + 2229, r - 402 = -3*w. Calculate the greatest common factor of r and h.
13
Let m(h) = -h**3 + 15*h**2 - 8*h. Let r be m(10). Suppose 0 = 18*k + 12*k - r. What is the highest common divisor of k and 14?
14
Let b = 76 - 72. Let y be 1 - b/(-2) - -2. Let c be ((-35)/(-21))/(3/18). What is the greatest common divisor of y and c?
5
Let k(z) = 2*z**3 + 15*z**2 - 73*z - 294. Let a be k(-9). What is the highest common factor of a and 96?
24
Let s = 1229 - 1222. Let r(j) = -j**3 + 3*j**2 - 2*j. Let n be r(3). Let q = n + 20. Calculate the greatest common factor of s and q.
7
Let i = -22 + 88. Suppose -r = 48*n - 47*n - 861, -2*n + r + 1713 = 0. Calculate the greatest common factor of n and i.
66
Let b(s) = 0*s**3 + 62 - 16*s - 21*s**2 - 84 + 20*s + s**3 - 22. Let j be b(21). Calculate the greatest common divisor of 112 and j.
8
Let x(p) = p**3 + 3*p**2 - 5*p. Let m be x(2). Let h be m/(-65) + (-7)/(364/(-268)). Let y = 9 - 4. What is the highest common factor of y and h?
5
Suppose -5*v - 8 = -503. Suppose 5*a = 6*a - v. Let d = 66 + -55. What is the highest common divisor of d and a?
11
Let t = -100 + 90. Let z(q) = 2*q**2 + 13*q - 34. Let a be z(t). Calculate the greatest common divisor of 288 and a.
36
Let t be 8 + -9 + (1 - 9) + 36. What is the highest common factor of 5643 and t?
27
Suppose -1635 - 125 = -4*h. Let w be (h/176)/((-5)/(-4)). What is the highest common divisor of 34 and w?
2
Suppose 0 = 4*u - 5*a - 305, -130*u - 163 = -132*u - a. What is the greatest common factor of 272 and u?
16
Let w(i) = -i**3 + 2*i**2 + 16*i + 75. Let n be w(0). What is the highest common divisor of n and 795?
15
Let r be (-128)/10*(-220)/88. Let a(d) = d**3 + 15*d**2 - 15*d + 10. Let c be a(-14). What is the highest common factor of r and c?
32
Let k = 21 - -200. Suppose -27*y + 734 = k. Calculate the greatest common divisor of 19 and y.
19
Suppose 0 = -7*d - 845 - 1206. Let f = -243 - d. Calculate the greatest common divisor of f and 400.
50
Let p(u) = u**3 + 56*u**2 - 175*u + 190. Let h be p(-59). Calculate the greatest common divisor of 792 and h.
72
Suppose -207*m + 83*m + 102*m = -1496. Calculate the highest common factor of 1003 and m.
17
Let h be (225*(6 - 7))/((-22)/44). What is the greatest common divisor of 34425 and h?
225
Let z = 164 + -104. Let p = 127 + -26. Let w = 113 - p. What is the greatest common factor of w and z?
12
Suppose -5*s - 2*y = -2530, -10*s + 13*s + y - 1518 = 0. What is the greatest common divisor of s and 966?
46
Let y = 10 - 7. Let q be -61 + 72 + (1 - 11). Let v be 1*q/y + (-175)/(-15). Calculate the highest common divisor of 36 and v.
12
Suppose 0 = -8*o + 91 - 27. What is the highest common divisor of o and 392?
8
Let v = -1525 - -1595. Calculate the highest common divisor of 5215 and v.
35
Suppose 2*z = -19*z - z + 2750. What is the greatest common factor of z and 2?
1
Let b(y) = -21*y + 459. Let l be b(19). Let g(w) = 10*w - 4. Let k be g(2). What is the highest common factor of l and k?
4
Let t(a) = 16*a - 167. Let m be t(12). Calculate the highest common divisor of 4100 and m.
25
Let a(t) = 2031*t - 54. Let q be a(9). Let z be (-4)/32 + q/72. Calculate the highest common divisor of 11 and z.
11
Suppose 14044 = 4*b - k, -2*b - 14*k = -18*k - 7036. Calculate the greatest common divisor of b and 432.
54
Suppose -4*r = 0, 5*t - 663 = 4*r + 147. What is the greatest common factor of 558 and t?
18
Suppose -3*m + 709 = 5*r, -2*r + r = 2*m - 468. Let z = m - 163. Suppose 0 = -0*i - 4*i + 40. Calculate the highest common factor of z and i.
10
Let z be 22/((-34)/4 + 9). Let v(s) = 24*s**2 - s + 1. Let k be v(-2). Calculate the greatest common factor of z and k.
11
Let u = -48 + 49. Let n be (0/(u + 2))/(-1). Suppose 5*t - 79 = p + 73, p + 2 = n. What is the highest common divisor of t and 75?
15
Let q = -637 - -709. Let g(m) = -m**3 + 6*m**2 - 5*m - 4. Suppose -14*o + 12 = -11*o. Let k be g(o). What is the highest common factor of k and q?
8
Let p(f) = -f - 8. Let q be p(-14). Let u(x) = -x**2 - 29*x - 150. Let y be u(-20). What is the highest common divisor of q and y?
6
Let y(f) = 9*f - f + 10316 - 10306 + 6*f**2. Suppose 3*s - 12 = -0*s, -24 = 3*o - 3*s. Let j be y(o). Calculate the greatest common divisor of 185 and j.
37
Suppose 6*m - 160 - 26 = 0. Let r = m - 3. Let w = -1 + 8. Calculate the greatest common divisor of w and r.
7
Suppose -3*q + 4*y = 0, q + q = -y + 11. Let l(t) = 71*t**2 + t - 2. Let f be l(1). Suppose 76*b - 120 = f*b. What is the highest common factor of q and b?
4
Let j(g) = 51*g**2 - 8*g - 51. Let s be j(3). What is the greatest common factor of 12 and s?
12
Let b be (-8)/(-116) + ((-149775)/(-145) - 4). Calculate the highest common factor of 84 and b.
21
Suppose 8*i - 12*i + 24 = 0. Suppose 2*x = 5*x - i. Let p = 244 + -206. Calculate the highest common divisor of p and x.
2
Let r be (8*(-1)/3)/1*(-26793)/916. Let a = 146 + 10. Suppose 0 = -4*c + c + a. What is the greatest common divisor of r and c?
26
Let b = 7978 + -7913. Calculate the highest common divisor of b and 143.
13
Let m = 629 - 564. Let v be (-5)/(-2)*(-4)/(-15)*39. What is the highest common factor of v and m?
13
Suppose -3*s = q - 21 - 7, 3*q - 24 = -3*s. Let f(m) = m**3 + 4*m**2 - m + 1. Let l be f(-4). What is the highest common divisor of l and s?
5
Let p(o) = -o**2 + 18*o - 20. Let n be p(10). Let k be 44/3 - 40/n. Let l be 1 + (-26)/22 - (-49408)/704. What is the highest common divisor of k and l?
14
Let r(z) = 3*z**2 + 7*z + 14. Let a(h) = 14*h**2 + 29*h + 55. Let l(b) = -2*a(b) + 9*r(b). Let i be l(7). Calculate the greatest common factor of 17 and i.
1
Let a = -7 + 10. Let j(t) = 5*t**2 - t - 2. Let p be j(a). Let w = -6404 - -6504. What is the greatest common divisor of p and w?
20
Let f = 233 - 203. Let u = 280 - 210. Calculate the greatest common divisor of u and f.
10
Let t be 72/(-15)*(-10)/4. Suppose -4*j = t, -5*m + 12 - 376 = -2*j. Let d = -53 - m. What is the highest common factor o